932988.
2, 3, 7, 29, 383
List the prime factors of 201686.
2, 31, 3253
What are the prime factors of 293785?
5, 58757
List the prime factors of 27060999.
3, 7, 59, 21841
What are the prime factors of 31204?
2, 29, 269
What are the prime factors of 1190007?
3, 7, 13, 1453
List the prime factors of 644637.
3, 7, 30697
List the prime factors of 29612702.
2, 7, 2115193
What are the prime factors of 1931005?
5, 379, 1019
List the prime factors of 1271641.
7, 389, 467
What are the prime factors of 2432253?
3, 61, 13291
What are the prime factors of 476770?
2, 5, 7, 139
What are the prime factors of 1620332?
2, 7, 1181
List the prime factors of 1331566.
2, 665783
What are the prime factors of 220795?
5, 44159
What are the prime factors of 1288870?
2, 5, 11, 11717
List the prime factors of 473506.
2, 11, 21523
What are the prime factors of 230004?
2, 3, 6389
List the prime factors of 5300805.
3, 5, 37, 9551
What are the prime factors of 577792?
2, 37, 61
List the prime factors of 1996611.
3, 181, 3677
List the prime factors of 313712.
2, 7, 2801
What are the prime factors of 219070?
2, 5, 19, 1153
What are the prime factors of 2180399?
13, 179, 937
List the prime factors of 26326132.
2, 7, 17, 7901
List the prime factors of 1308700.
2, 5, 23, 569
List the prime factors of 389783.
389783
List the prime factors of 311192.
2, 7, 5557
What are the prime factors of 1126255?
5, 13, 17327
What are the prime factors of 1389137?
97, 14321
What are the prime factors of 2416491?
3, 7, 11, 317
What are the prime factors of 4438155?
3, 5, 295877
List the prime factors of 1811493.
3, 431, 467
What are the prime factors of 261539?
41, 6379
What are the prime factors of 12260299?
12260299
List the prime factors of 14378172.
2, 3, 31, 38651
List the prime factors of 4521627.
3, 11, 45673
What are the prime factors of 15313057?
15313057
List the prime factors of 4355675.
5, 59, 2953
What are the prime factors of 54361?
54361
What are the prime factors of 9488350?
2, 5, 189767
What are the prime factors of 4137205?
5, 17, 48673
What are the prime factors of 1326731?
7, 17, 11149
What are the prime factors of 23839?
31, 769
What are the prime factors of 4921382?
2, 907, 2713
List the prime factors of 9802876.
2, 23, 127, 839
What are the prime factors of 528864?
2, 3, 7, 787
List the prime factors of 7897527.
3, 11, 26591
List the prime factors of 387148.
2, 96787
List the prime factors of 6972785.
5, 1394557
List the prime factors of 1521120.
2, 3, 5, 3169
List the prime factors of 1255269.
3, 418423
What are the prime factors of 203190?
2, 3, 5, 13, 521
List the prime factors of 2726325.
3, 5, 7, 577
What are the prime factors of 143292?
2, 3, 11941
What are the prime factors of 8921505?
3, 5, 71, 8377
List the prime factors of 546055.
5, 109211
What are the prime factors of 3546861?
3, 1182287
List the prime factors of 14757415.
5, 2951483
What are the prime factors of 17951979?
3, 19, 47, 6701
List the prime factors of 3338878.
2, 67, 24917
List the prime factors of 367982.
2, 17, 79, 137
What are the prime factors of 852897?
3, 107, 2657
What are the prime factors of 1443142?
2, 721571
List the prime factors of 856171.
17, 50363
List the prime factors of 2535388.
2, 37, 463
List the prime factors of 784842.
2, 3, 130807
List the prime factors of 4345.
5, 11, 79
What are the prime factors of 619384?
2, 139, 557
List the prime factors of 2167613.
7, 31, 1427
List the prime factors of 16245.
3, 5, 19
What are the prime factors of 9673364?
2, 31, 181, 431
List the prime factors of 7323424.
2, 131, 1747
List the prime factors of 1129043.
1129043
What are the prime factors of 1060015?
5, 11, 19273
What are the prime factors of 1704509?
19, 283, 317
List the prime factors of 7623731.
19, 307, 1307
List the prime factors of 12860880.
2, 3, 5, 41, 1307
List the prime factors of 2014617.
3, 11, 41, 1489
What are the prime factors of 1194458?
2, 47, 97, 131
List the prime factors of 1703423.
347, 4909
List the prime factors of 225143.
225143
List the prime factors of 1876329.
3, 7, 13, 29, 79
List the prime factors of 27819.
3, 11, 281
What are the prime factors of 497214?
2, 3, 23, 1201
List the prime factors of 372804.
2, 3, 47, 661
What are the prime factors of 732493?
732493
What are the prime factors of 5881406?
2, 167, 17609
List the prime factors of 700892.
2, 137, 1279
List the prime factors of 88182.
2, 3, 23, 71
What are the prime factors of 113258?
2, 56629
What are the prime factors of 1323210?
2, 3, 5, 7, 6301
What are the prime factors of 1223049?
3, 19, 43, 499
What are the prime factors of 386427?
3, 17, 7577
List the prime factors of 5481776.
2, 397, 863
What are the prime factors of 35323?
35323
What are the prime factors of 125114?
2, 11, 47
What are the prime factors of 12430814?
2, 11, 31, 1657
List the prime factors of 10829397.
3, 3609799
What are the prime factors of 608294?
2, 17, 17891
List the prime factors of 1845392.
2, 115337
List the prime factors of 12816698.
2, 67, 101, 947
What are the prime factors of 757409?
757409
List the prime factors of 684808.
2, 85601
List the prime factors of 20564442.
2, 3, 61, 2081
What are the prime factors of 298524?
2, 3, 24877
What are the prime factors of 834847?
13, 149, 431
What are the prime factors of 23017071?
3, 7, 11, 37, 2693
What are the prime factors of 23962?
2, 11981
What are the prime factors of 173252?
2, 43313
List the prime factors of 3615445.
5, 723089
What are the prime factors of 5962387?
5962387
List the prime factors of 113645.
5, 7, 17, 191
List the prime factors of 720146.
2, 7, 51439
List the prime factors of 340385.
5, 19, 3583
List the prime factors of 12241819.
17, 23, 131, 239
What are the prime factors of 625433?
61, 10253
What are the prime factors of 494334?
2, 3, 29, 947
What are the prime factors of 377811?
3, 7, 1999
What are the prime factors of 11069643?
3, 13, 283837
What are the prime factors of 31173319?
19, 1640701
List the prime factors of 1022641.
353, 2897
What are the prime factors of 369514?
2, 47, 3931
List the prime factors of 28094.
2, 11, 1277
List the prime factors of 1697293.
13, 137, 953
What are the prime factors of 87542?
2, 7, 13, 37
List the prime factors of 57993.
3, 13, 1487
List the prime factors of 86493.
3, 11, 2621
List the prime factors of 5906209.
421, 14029
List the prime factors of 14664719.
193, 75983
What are the prime factors of 9788323?
1409, 6947
List the prime factors of 3856285.
5, 257, 3001
List the prime factors of 3238552.
2, 404819
What are the prime factors of 2132405?
5, 11, 137, 283
List the prime factors of 26218686.
2, 3, 13, 157, 2141
What are the prime factors of 14218634?
2, 7109317
What are the prime factors of 3842377?
7, 11, 139, 359
What are the prime factors of 3093939?
3, 343771
What are the prime factors of 7837047?
3, 29, 10009
List the prime factors of 352877.
7, 50411
List the prime factors of 317972.
2, 79493
What are the prime factors of 6096133?
1583, 3851
What are the prime factors of 372559?
11, 3079
What are the prime factors of 75441?
3, 25147
List the prime factors of 144742.
2, 13, 19, 293
What are the prime factors of 3680568?
2, 3, 17, 31, 97
List the prime factors of 236229.
3, 7, 1607
What are the prime factors of 113601?
3, 19, 1993
What are the prime factors of 25823539?
7, 47, 11213
List the prime factors of 23934666.
2, 3, 7, 31, 593
What are the prime factors of 8607846?
2, 3, 13, 653
What are the prime factors of 2149224?
2, 3, 7, 11, 1163
List the prime factors of 1290237.
3, 13, 33083
List the prime factors of 524577.
3, 174859
List the prime factors of 226339.
113, 2003
What are the prime factors of 907020?
2, 3, 5, 5039
What are the prime factors of 803732?
2, 67, 2999
What are the prime factors of 362383?
7, 51769
List the prime factors of 372534.
2, 3, 29, 2141
List the prime factors of 1030292.
2, 307, 839
What are the prime factors of 343503?
3, 38167
What are the prime factors of 2226740?
2, 5, 111337
What are the prime factors of 141301?
141301
List the prime factors of 16195586.
2, 11, 857, 859
What are the prime factors of 23955871?
23955871
What are the prime factors of 680489?
680489
What are the prime factors of 3754286?
2, 19, 31, 3187
What are the prime factors of 778462?
2, 38